*p, -12 = 4*p. Let q = 1 + -44. Let l = q - o. What is v(l)?
-1
Let x(q) = 8*q**3 + 3*q**2 + q. Let l(b) = 5*b**3 + 2*b**2 + b. Let y(h) = 3*l(h) - 2*x(h). Give y(1).
0
Let b(r) = -11*r - 42. Suppose 0 = -4*o + 4*l - 8, -27*o - 18 = -22*o - l. Give b(o).
2
Let b be -4 - (-3 + 2 + 1). Let c(k) = -9 + 2*k**3 + 15*k**2 - 15*k**2 + 9*k**2. Let j be c(b). Let y(l) = l**3 - 6*l**2 - 8*l + 4. Calculate y(j).
-3
Let b = -1751 + 5261/3. Let m(k) be the first derivative of 3*k - 15 + b*k**3 + 1/4*k**4 + 4*k**2. Determine m(-7).
-4
Let m(v) = -v. Let j = 106 - 100. Suppose 1 = b, j*t - 3 = 2*t + b. Let u(f) = f**2 + 8*f + 1. Let a(q) = t*u(q) + 3*m(q). Give a(-6).
7
Let p be (-4)/26 - (-7)/(728/(-192)). Let o be p + 6/(-2) - (4 - 17). Let i(x) = -x**3 + 7*x**2 + 5*x + 8. Determine i(o).
-16
Suppose -5*w - 22*f = -26*f - 20, -11*w + 2*f + 44 = 0. Let d(g) = -8*g**2 + 18*g - 6. Determine d(w).
-62
Let w(i) = 5*i + 8. Let a be (-185)/74*2/5. Let h be w(a). Let r(n) = -2*n - 2. Calculate r(h).
-8
Let a be ((-13)/(-26))/(1/6). Let w(c) = -5 + c**a - 2*c + 4*c**2 - 8*c**2 - c. Let k = -179 + 184. Determine w(k).
5
Let v(i) be the third derivative of i**5/60 - 3*i**3 + 1222*i**2. Determine v(5).
7
Let s(u) be the first derivative of 2*u**2 + u + 585. Suppose 8*x = 5*x + 18. Give s(x).
25
Let v(h) = 5*h - 1. Let i(q) = 6*q - 2. Let s(o) = -4*i(o) + 5*v(o). Let y be s(-1). Let m(g) = -2*g**2 - 2*g - 1. Give m(y).
-13
Let v = 19451 + -19456. Let f(o) = o**3 + 3*o**2 + 5*o - 12. What is f(v)?
-87
Let o(r) = -r + 2. Let c = -18 + -2. Let l be (-8)/(-10) - 444/c. Let s = l + -28. Give o(s).
7
Suppose -6*a = -12 - 0. Suppose -a*z = z. Suppose 28 = -z*b - 4*b. Let f(j) = -j**3 - 6*j**2 + 6*j + 1. Give f(b).
8
Let d = -1 - -1. Let i(b) be the third derivative of b**5/120 + 5*b**4/12 - 19*b**3 + b**2 + 46*b. Let w(l) be the first derivative of i(l). Calculate w(d).
10
Let m(i) be the second derivative of i**5/20 + 11*i**4/12 + 3*i**3/2 + i**2/2 + 197*i. Calculate m(-10).
11
Let y(x) = x**3 + 5*x**2 - 4*x + 12. Let q(l) = l**2 + 13*l + 8. Let k be q(19). Let s = k - 622. Calculate y(s).
0
Let u(m) = m + 1. Let b(l) = 6*l + 4. Let p(g) = -b(g) + 3*u(g). Suppose 0 = 2*x + 16 + 6. Let n(a) = 14*a + 6. Let r(j) = x*p(j) - 2*n(j). What is r(1)?
4
Let g(v) be the first derivative of 27 + 13/2*v**2 + 3*v + 2/3*v**3. Calculate g(-5).
-12
Let f(o) = 25*o + 279. Let c be f(-11). Let q be ((-64)/6)/8*18/c. Let y(v) = 4*v + 7. Give y(q).
-17
Let w(l) = 5*l**3 - 2*l**2 - 2*l + 56. Let c(p) = -p - 8*p**2 + 34 + 0*p**2 + 20 + 3*p**2 + 3*p**3 + 4*p**2. Let m(b) = -3*c(b) + 2*w(b). What is m(0)?
-50
Let u = -4584 + 4565. Let i(d) = d**2 + 18*d - 13. What is i(u)?
6
Let b(v) = -3*v**3 + 4*v**2 + 10*v - 6. Let l = 313 + -314. Let x(p) = -p**3 - p**2 + 1. Let j(y) = l*b(y) + 2*x(y). Give j(7).
-13
Let j(z) be the third derivative of -z**4/6 - 49*z**3/6 - 61*z**2 + 1. Determine j(-15).
11
Let i(g) = 32*g - 2 + 2 + 2 - 48*g - 5. Determine i(-4).
61
Let u(t) = -2*t - 2. Let d(b) = -23*b - 53. Let o(v) = d(v) - 5*u(v). Give o(-4).
9
Let k(g) = 2*g - 6. Let m(z) = -z + 2. Let t(p) = -3*k(p) - 7*m(p). Let n = -35 + 41. Suppose -d + 5*l - 17 = 0, 5*l = -n*d + 2*d - 18. Calculate t(d).
-3
Let y(l) = l**3 - 16*l**2 + l - 21. Suppose -232*q + 5088 = 86*q. Determine y(q).
-5
Suppose 9*p - 7*p - 233 = 5*t, -254 = -2*p - 2*t. Let k = p - 117. Let u(s) = 0*s**3 - s**3 - 8 + 3*s + 6*s + 6*s**2. Give u(k).
6
Let h be (2/6)/(4/24). Suppose h*u = -w - 2*w - 11, -4*u - 26 = 2*w. Let c(t) = -9*t - 10*t**2 + 0*t**2 - 2*t**2 + 11*t**2 - 10. Determine c(u).
4
Let d(p) = -2*p**3 - 15*p**2 - 22*p. Let o be -5*70/50*(1 - 0). Let r(n) = 3*n**3 + 22*n**2 + 32*n. Let w(f) = o*d(f) - 5*r(f). Give w(-4).
8
Let q(z) be the first derivative of z**4/4 + 5*z**3/3 - 7*z**2/2 + 4*z + 7688. Suppose -2*j - 2*h = 18, -3*j = 2*j - 5*h + 15. Determine q(j).
10
Let z(l) = -2*l**2 - 2*l + 37. Let g(j) = -4*j**2 - 28*j - 31. Let f be g(-6). Give z(f).
-47
Let c(z) = 262*z + 12. Let l(y) = 217*y + 11. Let p(j) = 5*c(j) - 6*l(j). Calculate p(3).
18
Let x = -71 + 72. Let w(i) = i + 1. Let h(y) = -6*y + 1. Let k be ((-6)/(-9))/(2/3). Let l(z) = k*h(z) + x*w(z). Calculate l(-2).
12
Let s(q) = q + 10. Suppose 2*p + 5 = -d, -6*d + 5*d - 3*p - 9 = 0. Suppose 5*i - 8 = 2. Let t be 0/((d + i)/(-5)). What is s(t)?
10
Let j(a) = -4*a - 78. Let v be j(-20). Let w(m) = 16*m**3 - v*m + 3 - 1 - 17*m**3. Determine w(2).
-10
Let j be 2/(-8) - (0 - (-1201)/(-4)). Let n(m) = 3*m - 3*m + 15*m**2 + j - 299. Determine n(1).
16
Let f(y) = -2*y - 4. Let i(a) = -a**2 - 10*a + 143. Let z be i(-15). Suppose 4*x + z - 50 = 3*n, -x - 3*n + 3 = 0. Determine f(x).
2
Let z = -1143 - -1186. Let w(y) = -y + 41. Calculate w(z).
-2
Let h(y) = -379*y + 2*y**2 + 6 - 386*y - y**2 + 758*y. Let r(s) = s**3 - 7*s + 2. Let x be r(3). Calculate h(x).
14
Let f(q) = 402 + 407 + 43*q - 1210 + 402. What is f(2)?
87
Let z(o) be the third derivative of -o**5/60 - o**4/12 + o**3/6 - 1033*o**2. Calculate z(1).
-2
Let x(n) = -15*n - 12. Let t(l) = 43*l + 37. Let c(m) = -6*t(m) - 17*x(m). What is c(-9)?
9
Let n(f) be the first derivative of -f**4/4 + f**2 + 23*f + 1554. What is n(0)?
23
Let n be (-3)/(1/(-2) - (-3)/2). Let g(m) = -m**3 - 2*m**2 - 4. Let d be g(n). Suppose a = d*a - 4. Let b(r) = 3*r. Determine b(a).
3
Let t(o) = -o**2 + 20*o + 75. Let x be t(23). Suppose -75*w - x = -73*w. Let s(n) = n**3 + n**2 - n - 1. Calculate s(w).
-16
Let v = 106 - 21. Suppose 3*q - v = 2*g + 4*q, -3*q = 2*g + 83. Let n = 42 + g. Let h(b) = -9*b**3 - b**2 - 2*b - 1. Calculate h(n).
9
Let v(k) be the second derivative of k**4/12 + 4*k**3/3 - 2*k**2 - 6*k. Let l(w) = -4 - 62*w**2 + 48*w**2 - w**3 + 15*w - 5. Let f be l(-15). What is v(f)?
5
Suppose -8 = -r - 2. Let w(o) = 14*o - 13. Let a(b) = 5*b - 4. Let v(i) = r*w(i) - 17*a(i). What is v(7)?
-17
Let k = -15736 - -15736. Let t(z) = 3*z - 6 + 4 - 2. What is t(k)?
-4
Let z(b) be the third derivative of b**5/60 + 5*b**4/12 - 2*b**3 - 16*b**2 + 14. What is z(-11)?
-1
Let q(n) = -192 - 152 + 47*n + 431 - 44*n**2 - n**3. What is q(-45)?
-3
Suppose -5*f + 4 = -2*b - 4*f, f = -2*b. Let z be b/(-3)*-1 - 1503/27. Let p = 54 + z. Let o(n) = 2*n. Calculate o(p).
-4
Let r(q) = -q**3 - 9*q**2 - 1. Let p(h) = -3*h**3 - 15*h**2 + h + 2. Let x(t) = p(t) - 2*r(t). Calculate x(5).
-41
Let s(l) = 5*l - 4 + 0 + 2*l**2 + 5 - 6 + 2. Give s(3).
30
Let y(m) = m**3 - 10*m**2 - m + 4. Let k(v) = v**3 + 7*v**2 + 6*v + 8. Let n be k(-6). Suppose -6 = -n*c + 2. Let i be (c/3)/(4*(-2)/(-240)). What is y(i)?
-6
Suppose -185 + 539 + 465 = 63*p. Let m(w) = -w**2 + 11*w + 12. What is m(p)?
-14
Let v(c) be the first derivative of 0*c**2 + 2/3*c**3 - c - 1/4*c**4 + 124. Give v(-1).
2
Let j(y) = y - 5. Suppose 16*z - 12*z = -260. Let l be 1/5 - z*(-4)/50. Let f be (-36)/(-8) + l/10. Determine j(f).
-1
Let l(b) = -2*b + 15. Suppose 470 = 6*w + 320. Suppose 5*k - w = -0*k. Calculate l(k).
5
Let q(t) = -3*t**3 + t**2 - 2*t. Let u(g) = 8*g**3 + 16*g**2 + 19*g + 4. Let w(j) = -2*q(j) - u(j). Determine w(-8).
-12
Let n(b) = 25*b**3 + 18*b + 18. Let v(m) = 3*m**3 + m + 1. Let c(f) = 2*n(f) - 30*v(f). Give c(-1).
40
Suppose 2*s - 4*s = 5*g - 12, 5*g = s + 24. Let j(c) = 3291*c + 1 + 3285*c + 3288*c - 9862*c. Determine j(g).
9
Let h(j) = -j**3 - j**2 - j + 1. Let w(m) be the first derivative of -3*m**4 + 2*m**3/3 + m**2/2 - m + 98. Let p(l) = h(l) + w(l). Give p(1).
-12
Let q(u) = 9*u + 737*u**2 - 6 - 5*u - 2*u - 744*u**2 + 8. Let d = 1 + 1. What is q(d)?
-22
Let k(q) be the third derivative of -q**6/120 - q**5/15 + q**4/24 + q**3/6 + 11*q**2. Suppose d = -2*d + 54. Suppose -8*b = d + 14. What is k(b)?
-3
Let t(v) = -v**3 - 6*v**2 - v + 12. Suppose -530 = -95*f + 201*f. Calculate t(f).
-8
Let b(w) be the first derivative of 5*w**2/2 - 1. Suppose 5*k = 509 + 211. Let m = -145 + k. What is b(m)?
-5
Let t(k) be the second derivative of 0*k**2 - 1/6*k**3 + 5*k + 0. What is t(-1)?
1
Suppose 32*c = 104*c - 51*c - 42. Let s(b) = 29*b - 1. What is s(c)?
57
Let b(f) = f**3 + 12*f**2 + f + 16. Suppose -18*t + 11*t = -14. Suppose -5*z + 21 = -5*a + t*a, 42 = -3*a - 2*z. What is b(a)?
4
Let c(z) = -z**3 - 14*z**2 - 15*z + 118. Suppose 64*q - 65*q - 57 = 5*l, 5*q = 15. What is c(l)?
10
Let x(g) = g**2 - 